11 + n - 2*n - 4 + 9*n. Let d(m) = 7*c(m) - 2*q(m). What is d(-1)?
2
Let y(u) be the third derivative of u**7/1260 - 7*u**6/720 + 3*u**5/20 - u**4/12 + 7*u**2. Let g(t) be the third derivative of y(t). What is g(5)?
13
Let f(l) = -3*l - l - 2*l**2 - 18 + 0*l + 6 + 8*l**2. Let y(b) = 5*b**2 - 3*b - 11. Let a(j) = -3*f(j) + 4*y(j). What is a(0)?
-8
Let g = -74 - -87. Let x be 4 - (-3*(0 - -1) + g). Let w(m) = -4*m - 19. Let p(c) = -3*c - 18. Let o(d) = x*p(d) + 5*w(d). Give o(9).
-5
Let z(f) = -2*f**2 - 4*f - 29. Let l(i) = -2*i - 2. Let g(p) = 2*l(p) - z(p). What is g(0)?
25
Let y(g) = -4595 - 2*g**2 + 4593 - 8*g + 3*g**2. Let v be 3*(-58)/(-21) + (-8)/28. Calculate y(v).
-2
Suppose -2*u - 40 = -6*u - 4*u. Let z(t) = 6*t - 6. Calculate z(u).
24
Let f(m) = -m**2 + 10*m + 32. Suppose 4*u + 15*u = 31 + 216. Give f(u).
-7
Suppose 232 = 116*o - 0. Let i(c) be the first derivative of -c**3/3 + 3*c + 23. Give i(o).
-1
Let p be (-4 - -6)*9/6. Let m(d) = 8*d**p - 3*d**3 - 101 + 5*d**2 + 97 - 4*d**3. Give m(-5).
-4
Let a(c) be the second derivative of -5*c**4/12 - 118*c**3/3 - 47*c**2/2 - 9424*c. Calculate a(-47).
0
Let x(o) be the first derivative of -o**7/840 - o**6/120 + o**5/24 + o**4/6 - 4*o**3/3 - o - 16. Let i(q) be the third derivative of x(q). What is i(-4)?
0
Let y(o) be the first derivative of -o**4/24 + 2*o**3/3 - 2*o**2 + 7*o - 272. Let h(b) be the second derivative of y(b). Give h(4).
0
Let m(r) = -181*r + 724. Let q be m(4). Let z(c) be the third derivative of 0*c + 0 - 33*c**2 - 11/24*c**4 + q*c**3. What is z(1)?
-11
Let t(g) = -8*g - 4. Let r be (-6 - (-175)/28)/((-6)/120). Calculate t(r).
36
Suppose -24*w + 15*w = 18. Let o(m) = -6*m**3 + 19*m**2 + 10*m - 6. Let n(a) = -a**3 + 4*a**2 + 2*a - 1. Let t(b) = w*o(b) + 11*n(b). What is t(-5)?
16
Suppose -106 + 32 = -5*v - 2*i, 0 = -3*v - 2*i + 42. Let m = v - 24. Let n be 5*(m/10 - (-10)/25). Let t(o) = 2*o + 3. What is t(n)?
-1
Suppose -15*l + 18 = -9*l. Suppose 0 = 3*u + 5*i - 0*i + 21, -21 = l*u - i. Let n(a) = 2*a + 14. Give n(u).
0
Let g(u) = u**2 + 25. Suppose -2*y = -3*y - 4*o + 5, 2*y + 3*o - 10 = 0. Suppose 4*l - 67 = 33. Suppose z = 5, y*z = -2*a + 4*a + l. What is g(a)?
25
Let q(h) = h**3 + 2*h**2 + h + 9. Let s(a) = a**2 + 23*a - 993. Let x be s(22). What is q(x)?
-3
Suppose 2*h - 360 = -3*h. Let y be (h/(-15))/(-6)*5. Let u(z) = -8*z**2 - 7*z + 5*z**2 + y*z. Calculate u(-2).
-6
Let i(h) = 13*h - 18. Let f = -12171 + 12172. Determine i(f).
-5
Let v(n) = -483*n**2 - 27*n**3 - n - 28*n**3 + 4 + 56*n**3 + 477*n**2. Suppose 3*i = -u + 17, 3*i = -3*u + 14 + 1. Calculate v(i).
-2
Let w(t) = -16*t - 14. Let r(o) = -43*o - 40. Let v(y) = -4*r(y) + 11*w(y). Determine v(2).
-2
Suppose 4*k - 96 = -4. Suppose -k = -7*x + 12. Let s(j) be the first derivative of j**4/4 - 2*j**3 + 3*j**2/2 - 3*j + 5. What is s(x)?
-13
Suppose -2*d + 12 = 4*g - 14, 2*d = -7*g + 29. Let j(q) = 7*q - 70. Determine j(d).
7
Let d(u) be the third derivative of -u**7/1260 + u**5/60 + u**4/12 - 11*u**3/2 - u**2 - 92*u. Let y(k) be the second derivative of d(k). Determine y(-2).
-6
Let m be 4/16 - 7/(-4). Let k(t) = -866 + 433 - 5*t + 434. Determine k(m).
-9
Let j(k) = 5*k - 10. Let g(p) = 5*p - 5. Let r(u) = 4. Let y(z) = g(z) - 2*r(z). Let t(n) = -3*j(n) + 2*y(n). Calculate t(6).
-26
Let z = 19273 + -19272. Let y(d) = -13*d**3 + d**2. Give y(z).
-12
Let j(z) = -8*z - 8. Let b = -8 - -41. Let q be (-86)/(-22)*-1 + (-3)/b. What is j(q)?
24
Let y(u) = 2*u**2 - 26*u + 3. Let m be (12 - 9)/((-18)/8)*-9. Give y(m).
-21
Let v(b) = -b**2 + 9*b + 2. Let d(x) be the first derivative of -x**4/4 - 2*x**3/3 - x**2 + 5*x + 47. Let i be d(-2). Determine v(i).
2
Let d(n) be the third derivative of n**4/3 + 17*n**3/6 + 6*n**2 - 111*n. Calculate d(-6).
-31
Let n be ((-56)/24)/(-1 + (-6)/(-9)). Suppose 101 = -n*h + 339. Let d = -35 + h. Let y(m) = -26*m + 1. Give y(d).
27
Suppose -11*x + 53 - 20 = 0. Let b(y) = y**2 + 2. Let f be b(0). Let p(g) = g - 1 + 1 + f - 5. Determine p(x).
0
Let z(s) = 8*s - 2. Let j be z(-1). Let q(m) be the second derivative of m**3/2 + 11*m**2/2 - 1242*m. What is q(j)?
-19
Let g be (-15528)/8411*26/(-4). Let i(b) = -3*b + 11. What is i(g)?
-25
Let o(p) = -5*p**2 - 1. Let z(q) = 9*q**2 - q + 1. Let f(d) = 2*d - 51. Let r be f(23). Let w(x) = r*o(x) - 3*z(x). Give w(4).
-18
Let m(s) = -3 - 2 - s**3 - 6*s**2 + 3*s + 5*s. Let x(g) = -3*g**3 + 47*g**2 + 40*g - 391. Let c be x(16). What is m(c)?
-12
Let l(z) = -89 + 0 + 14*z - 18*z + 27 - z**2 + 0*z. Calculate l(0).
-62
Let q(r) = r - 4. Let j(z) = 2*z**2 - 76*z + 34. Let u be j(38). Suppose -36*l = -u - 254. Determine q(l).
4
Let j(t) = -3*t**2 - 2*t. Let w(x) = -x - 1. Let o be w(-3). Suppose -6 = 3*d + o*n - 2, -5*n = -5. Let f be 8/(-4)*(3 + d). Give j(f).
-8
Let c(j) = -6 - 1021*j + 7*j**2 - 1018*j + 2030*j - j**3. Determine c(5).
-1
Let o(w) = -7*w**2 - 84*w - 539. Let a(q) = -3*q**2 - 41*q - 270. Let u(i) = 9*a(i) - 4*o(i). What is u(40)?
6
Let g(k) = -k - 6. Let o(i) = i**3 + 5*i**2 + 6*i + 9. Let z be o(-3). Let t be z/(-45) + 28/(-10). Give g(t).
-3
Let q(d) = 6*d**2 + 4*d + 10. Let y(v) = -5*v**2 - 4*v - 9. Let r(u) = 4*q(u) + 5*y(u). Let o be (-1 - 105/(-42))/((-1)/2). What is r(o)?
-2
Let p(t) = -16*t - 43. Let m(i) = -16*i - 45. Let b(a) = -6*m(a) + 5*p(a). Calculate b(-4).
-9
Let p(w) = 2*w**2 + 3*w - 1. Let u(o) = -o**2 + o. Let t(c) = -p(c) - 3*u(c). Suppose 2*j - 3*n + 5 = 0, 2*j - 2*n = 2*n - 10. Give t(j).
-4
Let q = 0 + 3. Let m(a) be the second derivative of -a**5/20 + a**4/6 + a**3/2 - a**2 - 829*a + 5. What is m(q)?
-2
Suppose -7*d + 2*d = -30. Let y(p) = 7 - 6 - 41*p + 40*p + d. Give y(5).
2
Let u(s) = -s**3 - 4*s**2 - 3*s - 4. Let d be (-20)/40 + (-15)/6. Calculate u(d).
-4
Let m = 14744 + -14741. Let a(l) = -8*l - 15. Determine a(m).
-39
Let n(q) = 13*q + 25*q**3 - 26*q**3 + 4 - 1 + 3 - 2*q**2 - 4. Give n(-4).
-18
Let i(s) = 3*s - 1. Suppose 0 = -6*w + 7*w. Let q(x) = -x**3 + x**2 - x - 1. Let n be q(w). Calculate i(n).
-4
Let p(b) = 5*b**3 - b**2 - 3*b + 4. Let y(d) = 2*d**3 + 1. Let f(c) = p(c) - 6*y(c). Give f(-1).
7
Suppose -j = -5 + 1. Let z(u) = -2*u - 1. Let v(p) = -29*p - 2*p + 30*p. Let x(a) = j*v(a) - z(a). Determine x(-4).
9
Let y = 429 - 42. Let n(s) = -2*s**2 - y + 3*s - s + 385 + s**3. Let v be n(2). Let f(j) = -j + 3. Give f(v).
1
Let w(a) = -62*a - 72*a - 8 + 136*a - 15. Give w(10).
-3
Let g(t) be the third derivative of -t**4/8 - 20*t**3/3 - 6*t**2 - t - 76. Give g(-15).
5
Suppose 36*l + 40 = 40*l. Let d(t) = 2*t**3 - 44*t**2 - 22*t + 26. Let x(m) = m**3 - 21*m**2 - 11*m + 13. Let k(a) = 6*d(a) - 13*x(a). What is k(l)?
-3
Let h(v) = -v**3 - 11*v**2 - 25*v - 8. Let f(j) = 518*j - 5706. Let u be f(11). What is h(u)?
0
Let b(p) = -168*p**2 - 14136 - 14306 - 2*p - 2*p**3 + 28272. Determine b(-84).
-2
Suppose -3*j = -3*u - j, 25 = 5*u + 5*j. Let t be 1665/495 - (-4)/(-11). Let d(n) = 0 + t*n**2 + 4 - u*n**2 - 3. Give d(-1).
2
Let p(a) be the third derivative of 38*a**2 + 0 + 5/8*a**4 - 7/60*a**5 + 0*a - 5/6*a**3. Let f(v) = -3*v**2 + 7*v - 2. Let d(l) = 9*f(l) - 4*p(l). Give d(-2).
0
Let k(d) = -210*d - 85. Suppose 5*r - 4*v = 1259, 8 = -0*v + 2*v. Let p(c) = 6*c + 1 - 5*c - 2*c - 3 - 4*c. Let g(q) = r*p(q) - 6*k(q). Calculate g(-1).
15
Let k(p) = 5*p - 35. Let h be k(-8). Let n = 77 + h. Let c(q) = -q**n - 6 - 13*q + 22*q - 16*q. Calculate c(-7).
-6
Let i(q) be the second derivative of q**5/20 - 5*q**4/12 - 4*q**3/3 + 7*q**2 + 31*q. Let n = -729 + 735. Give i(n).
2
Let s(w) be the first derivative of -w**5/30 + w**4/8 - 113*w**3/3 + w**2/2 - 116. Let g(d) be the third derivative of s(d). What is g(4)?
-13
Let f(v) = -v**2 + v + 4. Suppose 5*k - 2*u = -440, -5*u = 2*k - 2*u + 157. Let y = -81 - k. Give f(y).
-16
Let w be 132/(-330)*(13 + -3)/(-2). Let q(u) = -3*u**3 + 4*u**2 - 3*u + 2. Determine q(w).
-12
Suppose -10 = -109*i + 107*i. Let r = -2 + 7. Let o(m) = -r - 2 + 0 + 3*m. Give o(i).
8
Let f be ((-3)/((-105)/20))/(2/28). Let h(y) = -y**3 + 8*y**2 - 4*y - 2. Give h(f).
-34
Let f be 1*(-6)/((-3)/((-9)/6)). Let y be f*((-143)/(-39) - (1 - -1)). Let q(z) = -z - 2. Determine q(y).
3
Let q = 3589 + -3589. Let o(r) = -r**3 + 2*r**2 + 4*r + 5. What is o(q)?
5
Let y(l) = l - 12. Suppose 3*o - 3*c - 153 = 0, 0*o - 43 = -o + 3